
Let d(t) = 8*t**2 - 2*t + 3. Let w(u) = 9*u**2 - 2*u + 2. Let q(m) = 3*d(m) - 2*w(m). What are the prime factors of q(-3)?
5, 13
Suppose 5*d = -4*m + 12569, 0 = -m + 4*d - 6*d + 3146. List the prime factors of m.
2, 7
Let l = -782 - -1494. Suppose -5*i + l = -o, 4*i - 5*i = 4*o - 155. What are the prime factors of i?
11, 13
Suppose -39*q = -2611 - 4487. What are the prime factors of q?
2, 7, 13
Let f be (-1 - -9)/2 + 0. Suppose 4*q = f*u - 84, -2*q = 2*q - 20. What are the prime factors of u?
2, 13
Let g = 656 + -275. Suppose 0*p - g = -3*p. List the prime factors of p.
127
Let z be 0*((-3)/9)/(-1). Let a(v) = -v + 16 + v - 6 + v**2 + v. List the prime factors of a(z).
2, 5
Suppose -4*g - 2*g - 210 = 0. What are the prime factors of (-10)/g + 1212/21?
2, 29
Let y(n) = 7*n**2 - 2*n + 1. Let s be y(1). Let a(k) = 4*k**2 - 11*k - 7. What are the prime factors of a(s)?
71
Suppose 0*l + 5*l - 870 = -5*t, -2*t + 342 = 5*l. Suppose -2*g = g + 2*o - t, -3*o + 109 = 2*g. What are the prime factors of g?
2, 31
Let v = -351 - -751. Suppose c - 6*c + v = 0. Suppose 0*i + 2*i = c. List the prime factors of i.
2, 5
Suppose 0 = 3*k - 3 + 12. List the prime factors of 1 + 1/(k/(-147)).
2, 5
Let d be -19*(0 - (0 - -3)). Suppose -33*p - d = -34*p. List the prime factors of p.
3, 19
Suppose -4*p + 5 = -11. Suppose -12 = -p*n + 24. List the prime factors of n.
3
Suppose 4*p - 100 = 4*z, -4*z - 4*p - 106 = -5*p. Let a = -12 - z. What are the prime factors of a?
3, 5
Suppose -8*q = -5 - 11. Suppose 5*c - 2*u - 334 = 0, -u = -0*u + q. List the prime factors of c.
2, 3, 11
Suppose -69*f + 120528 = -21*f. What are the prime factors of f?
3, 31
Suppose -7*x + 3*x = -48. Let h = 4 - x. List the prime factors of 1*(-20)/h*6.
3, 5
Let m = 11 + -7. Let y = m + 1. Suppose 0 = -4*r + 11 + y. What are the prime factors of r?
2
Let k be (-3 - -2)/(2/(-122)). Let p be -4 - (16/10)/(34/595). Let u = p + k. List the prime factors of u.
29
Let c = -10 - 8. Let w = -18 - c. Suppose 0 = -4*y - o + 160, 0 = 4*y - 3*o - w*o - 144. What are the prime factors of y?
3, 13
Suppose -5*i + 24 = 3*f, 2*i = 6*f - 5*f + 3. Suppose -23 = -i*m - 2. Suppose 4*a + m = 5*b - 4, 13 = 4*b + a. What are the prime factors of b?
3
Suppose -2*j = -4*j + 6. Suppose -4*t = -l - j, -3*l - 2*t = -33 - 0. List the prime factors of l.
3
Let m = -399 - -712. Suppose 3*o + 55 = m. List the prime factors of o.
2, 43
Suppose 5*n + 218 = -21*j + 25*j, -112 = -2*j + 4*n. What are the prime factors of j?
2, 13
Let t(n) = -n**2 - 6*n + 9. Suppose 4*y = -5*p - 33, 3*p - 5 = y - 1. Let s be t(y). Suppose -s = -3*i + 67. What are the prime factors of i?
23
Let h(a) = a**2 + 6*a + 12. Let y be h(-5). Suppose -2*x + 3*x = 59. Suppose 3*l = y + x. List the prime factors of l.
2, 11
What are the prime factors of (-3)/(-7)*196/(-56)*-244?
2, 3, 61
Suppose -4 = 4*c + 4*v, -v - 2*v - 15 = 0. Let n(j) = j**2 + 4*j + 11. Let r be n(-9). Suppose d + c*t = r, 32 = d - t - t. List the prime factors of d.
2, 5
Let m be 0 + (-6)/2 - -3. Let r = -18 + 22. Suppose -2*i = -5*l - 18, 12 = -m*i + r*i + 2*l. List the prime factors of i.
2
Suppose -83*z = -34486 - 85034. What are the prime factors of z?
2, 3, 5
Let y = 44 - 19. Suppose -30*q + 630 = -y*q. What are the prime factors of q?
2, 3, 7
Suppose 3302 = -4*m - z + 9299, 5*m = -4*z + 7510. What are the prime factors of m?
2, 7, 107
Suppose 4*a - 28 = 5*l, -5*l + 2 = -2*a + 6. Let x(r) = -7 + 0*r + a + r. What are the prime factors of x(7)?
2, 3
Let q = -1007 - -1065. What are the prime factors of q?
2, 29
Let g(x) = 2392*x**3 + x**2 - 2*x + 2. What are the prime factors of g(1)?
2393
Let a(l) = l**3 + 17*l**2 + 18*l - 9. Let v = -39 - -23. Let t be a(v). What are the prime factors of 63/21*t/(-3)?
41
Let g = 1348 + -885. List the prime factors of g.
463
Let a = 258 - 94. List the prime factors of a.
2, 41
Suppose 5*u - 2 = 3*u, 57 = -4*i - 3*u. Let n = i - -27. List the prime factors of n.
2, 3
Let q = 1974 - 711. What are the prime factors of q?
3, 421
Suppose 3*v - 288 = -3*o, -148 = -o + v - 46. What are the prime factors of o?
3, 11
Let t = -78 + -908. List the prime factors of 8/(-32) - (-1 - t/(-8)).
2, 31
Let w = -10 - -10. Suppose -5*o + a + a + 134 = w, 0 = -4*o + a + 109. List the prime factors of o.
2, 7
Let d be 1/((2 - 3)*1). Let j(g) = -44*g**3 + 2*g + 2. What are the prime factors of j(d)?
2, 11
Let y(j) = -2 + 60*j + 3*j + 3. What are the prime factors of y(1)?
2
Let l be 7395/18 + -3*(-1)/18. Suppose 3*h = l - 90. What are the prime factors of h?
107
Let w(b) = -482*b**3 - b**2 - b + 6. List the prime factors of w(-2).
2, 5, 193
Let a be (3 - -1) + 1 + -3. Suppose 0 = -a*k + 3 + 3. Suppose -3*p + k*m + 70 = m, -p + 29 = 5*m. List the prime factors of p.
2, 3
Let m(i) = -i**3 + 20*i**2 - 37*i - 30. List the prime factors of m(16).
2, 3, 67
What are the prime factors of (57 - 1 - 5)/(6/256)?
2, 17
Let z be ((-8)/6 - -1)/((-25)/600). Suppose -140 = 4*g - z*g. List the prime factors of g.
5, 7
Let g be -3 + 9 - (3 - (3 + -3)). Suppose g*q - 6*i + 4*i = 379, -4*q + 506 = -2*i. List the prime factors of q.
127
Let d be (4 + -13 + 4)*96/(-5). Let p be (56/21)/((-4)/(-6)). Suppose 2*y - d = -p*z, -2*z + 4*y - y = -48. What are the prime factors of z?
2, 3
Suppose 32*z = 26*z + 8184. List the prime factors of z.
2, 11, 31
Suppose 0 = -2*i - 4*c + 3386, 0 = 5*i + c - 5281 - 3229. What are the prime factors of i?
13, 131
Suppose 3*m - 5*m + 960 = 0. Suppose 9*f - m = -12. What are the prime factors of f?
2, 13
Suppose 3*b = b. Suppose z + b*z = 4. Suppose 5*d - 5*m = 15, -5*d + 27 + z = 3*m. What are the prime factors of d?
5
Suppose 2*z + 4*z = 1296. Suppose 0*t = -3*t - z. What are the prime factors of (-3872)/t + (-2)/(-9)?
2, 3
Let t = 13 - 9. Let w(x) = x**3 + 6*x**2 - x - 8. Let d be w(-6). What are the prime factors of d/t*-2 + 19?
2, 5
Let y = 2552 - 1423. List the prime factors of y.
1129
Suppose 0 = -10*x + 3786 - 356. What are the prime factors of x?
7
Suppose -3*b - 14 = 5*s, -3*s = 7 + 5. Suppose -234 = -b*n - 0. List the prime factors of n.
3, 13
Suppose -16 = -4*h + 12. Let m(c) = 8*c - 21. Let y be m(h). Let x = -8 + y. List the prime factors of x.
3
Let t(p) be the second derivative of -13*p**3/3 - 25*p**2 + 31*p. What are the prime factors of t(-11)?
2, 59
Suppose -5*u = -3*x + 1 + 14, 2*x + 3*u = -9. Let r be (x - 30)/(6 - 5). List the prime factors of (40/25)/((-2)/r).
2, 3
Let d be (-14)/(-3) + (-4)/6. Suppose -d*l = -82 - 74. List the prime factors of l.
3, 13
Let f(c) = -c - 6. Let u be f(4). Let g(k) = -5*k + 71. Let m(p) = 3*p - 47. Let n(y) = -5*g(y) - 8*m(y). List the prime factors of n(u).
11
Suppose 106*y = 103*y + 291. List the prime factors of y.
97
Suppose -3*v + 3*z + 33 = 0, -3*v - 5*z = -20 + 3. Suppose r - v = -4, -2*y + 1 = -r. What are the prime factors of 2 + y + -2 + 5?
2
Let m(p) = p**3 - 15*p**2 + 38*p + 18. What are the prime factors of m(16)?
2, 3, 7
Let r(f) = f**2 - 6*f - 1. Let c be r(5). What are the prime factors of (-43)/4*(2/1 + c)?
43
Let n(o) = -o + 1. Let p be n(-3). Let d be p + 0 + 1 + -3. Let a = d - -19. What are the prime factors of a?
3, 7
Suppose -3*r = -2 - 4. Suppose r*n + f + 21 - 3 = 0, 2 = -n + 3*f. Let t(a) = a**2 + 6*a + 11. List the prime factors of t(n).
3
Suppose 3*p - 8 + 71 = 0. List the prime factors of (-7)/p*66/2.
11
Let h(u) = -u**3 - 5*u**2 + 4*u - 3. Suppose 3*t = 4*d + 28, 4*d + 32 = 3*t - d. Suppose -7*i = -t*i + 18. What are the prime factors of h(i)?
3
Let j = -67 - -70. What are the prime factors of (-2 - 76/(-16))/(j/60)?
5, 11
Suppose -3*k + 15987 = -13*c + 21*c, 2*c + 4*k = 4000. List the prime factors of c.
2, 3, 37
What are the prime factors of (-3)/(-15) - (-129213)/35?
2, 13, 71
Let g be 8 + -7 + ((-12)/2)/(-2). Suppose -2*n + 0*y + 434 = y, -g*y = 8. What are the prime factors of n?
2, 109
Let c be (4/(-6))/(4/(-78)). Let m = c + -12. List the prime factors of m - -26 - 0/14.
3
Let w(t) be the third derivative of t**6/120 + t**5/12 + t**4/24 + 5*t**3/6 - 8*t**2. Let r be w(-5). Suppose r = -0*y - 5*y + 20. List the prime factors of y.
2
Let j(k) = -28*k. Let v be j(-1). Suppose 33*n = v*n + 345. What are the prime factors of n?
3, 23
Let s = -2120 + 3139. List the prime factors of s.